{"id":735,"date":"2025-03-24T12:57:43","date_gmt":"2025-03-24T12:57:43","guid":{"rendered":"https:\/\/brodriver.com\/website\/?page_id=735"},"modified":"2025-04-01T09:22:44","modified_gmt":"2025-04-01T09:22:44","slug":"camara-salpicadero","status":"publish","type":"page","link":"https:\/\/brodriver.com\/website\/camara-salpicadero\/","title":{"rendered":"C\u00e1mara para el salpicadero"},"content":{"rendered":"<section class=\"wpb-content-wrapper\"><p>[vc_row css=&#8221;.vc_custom_1743498892633{margin-top: -50px !important;}&#8221;][vc_column][vc_column_text]<\/p>\n<h1 style=\"text-align: center;\"><b>Convierte tu m\u00f3vil en una Dashcam inteligente<\/b><\/h1>\n<p>[\/vc_column_text][vc_single_image image=&#8221;731&#8243; img_size=&#8221;medium&#8221; alignment=&#8221;center&#8221; onclick=&#8221;custom_link&#8221; img_link_target=&#8221;_blank&#8221; link=&#8221;https:\/\/bit.ly\/3QO8A4U&#8221;][vc_single_image image=&#8221;759&#8243; img_size=&#8221;medium&#8221; alignment=&#8221;center&#8221; onclick=&#8221;custom_link&#8221; img_link_target=&#8221;_blank&#8221; link=&#8221;https:\/\/bit.ly\/4c6xO8q&#8221;][\/vc_column][vc_column][vc_column_text css=&#8221;.vc_custom_1743498576538{margin-top: 10px !important;}&#8221;]<\/p>\n<h3 style=\"text-align: center;\">Graba en alta calidad. Sin anuncios. Sin complicaciones.<\/h3>\n<p style=\"text-align: center;\">Brodriver Dashcam transforma tu smartphone o tablet en una potente c\u00e1mara de seguridad para el salpicadero. Ideal para profesionales del transporte, viajeros y cualquier conductor que quiera seguridad real en carretera.<\/p>\n<p>[\/vc_column_text][\/vc_column][vc_column][\/vc_column][\/vc_row][vc_row content_placement=&#8221;middle&#8221;][vc_column width=&#8221;1\/2&#8243;][vc_column_text]<\/p>\n<h2><b>Funcionalidades clave<\/b><\/h2>\n<p>\u2705 <b>Grabaci\u00f3n continua<\/b> mientras conduces<br \/>\n\u2705 <b>Geolocalizaci\u00f3n exacta<\/b>: coordenadas GPS y nombre de la calle<br \/>\n\u2705 <b>Fecha, hora, velocidad y duraci\u00f3n del video<\/b> grabadas autom\u00e1ticamente<br \/>\n\u2705 <b>Grabaci\u00f3n en segundo plano<\/b><br \/>\n\u2705 <b>Calibraci\u00f3n autom\u00e1tica<\/b> hasta 4K y 120 fps*<br \/>\n\u2705 <b>Sin anuncios<\/b>, incluso en la versi\u00f3n gratuita<br \/>\n\u2705 <b>Autograbaci\u00f3n<\/b> al conectar el dispositivo a la corriente<br \/>\n\u2705 <b>Autograbaci\u00f3n<\/b> al empezar a conducir<br \/>\n\u2705 <b>Grabaci\u00f3n y captura autom\u00e1tica<\/b> al detectar un impacto (sensibilidad configurable)<br \/>\n\ud83d\udd1c Guardado en la nube (Pr\u00f3ximamente)<br \/>\n\ud83d\udd1c Compartir grabaciones f\u00e1cilmente desde la aplicaci\u00f3n (Pr\u00f3ximamente)<\/p>\n<p>*La calidad depende del dispositivo utilizado.[\/vc_column_text][\/vc_column][vc_column width=&#8221;1\/2&#8243;][vc_single_image image=&#8221;799&#8243; img_size=&#8221;large&#8221;][\/vc_column][\/vc_row][vc_row content_placement=&#8221;middle&#8221;][vc_column width=&#8221;1\/2&#8243;][vc_single_image image=&#8221;800&#8243; img_size=&#8221;large&#8221;][\/vc_column][vc_column width=&#8221;1\/2&#8243;][vc_column_text]<\/p>\n<h2 style=\"text-align: left;\"><b>Dise\u00f1ada para quienes viven en la carretera<\/b><\/h2>\n<p>\u2714 Pensada para camiones, autobuses y autocaravanas<br \/>\n\u2714 Ideal como prueba en seguros o incidentes<br \/>\n\u2714 Compatible con soportes de salpicadero<br \/>\n\u2714 Sin necesidad de comprar un dispositivo adicional[\/vc_column_text][\/vc_column][\/vc_row][vc_row][vc_column][vc_column_text]<\/p>\n<h2 style=\"text-align: center;\"><b>Elige tu plataforma<\/b><\/h2>\n<p>[\/vc_column_text][\/vc_column][\/vc_row][vc_row_inner][vc_column_inner width=&#8221;1\/2&#8243;][vc_cta h2=&#8221;Android&#8221; h4=&#8221;Pruebala ahora GRATIS&#8221; txt_align=&#8221;center&#8221; shape=&#8221;round&#8221;]Convierte tu m\u00f3vil en una Dashcam. Graba, protege y guarda cada trayecto. \u00a1Pru\u00e9bala ahora y conduce con seguridad![\/vc_cta][vc_single_image image=&#8221;731&#8243; img_size=&#8221;medium&#8221; alignment=&#8221;center&#8221; onclick=&#8221;custom_link&#8221; img_link_target=&#8221;_blank&#8221; link=&#8221;https:\/\/bit.ly\/3QO8A4U&#8221;][\/vc_column_inner][vc_column_inner width=&#8221;1\/2&#8243;][vc_cta h2=&#8221;iOS \u2013 Muy pronto&#8221; h4=&#8221;\u00bfTienes iPhone o iPad?&#8221; txt_align=&#8221;center&#8221; shape=&#8221;round&#8221;]Ap\u00f3yanos en el desarrollo y consigue <b>acceso de por vida por solo 30\u202f\u20ac<\/b> si te registras antes del lanzamiento oficial.[\/vc_cta][vc_single_image image=&#8221;759&#8243; img_size=&#8221;medium&#8221; alignment=&#8221;center&#8221; onclick=&#8221;custom_link&#8221; img_link_target=&#8221;_blank&#8221; link=&#8221;https:\/\/bit.ly\/4c6xO8q&#8221;][\/vc_column_inner][\/vc_row_inner][vc_row][vc_column][vc_column_text]<\/p>\n<h2 style=\"text-align: center;\"><b>Preguntas frecuentes (FAQ)<\/b><\/h2>\n<p>[\/vc_column_text][vc_btn title=&#8221;ACLARA TUS DUDAS&#8221; style=&#8221;flat&#8221; size=&#8221;lg&#8221; align=&#8221;center&#8221; link=&#8221;url:https%3A%2F%2Fbrodriver.com%2Fwebsite%2Ffaq%2F|title:Preguntas%20frecuentes|target:_blank&#8221;][\/vc_column][\/vc_row]<\/p>\n<\/section>","protected":false},"excerpt":{"rendered":"<p>[vc_row css=&#8221;.vc_custom_1743498892633{margin-top: -50px !important;}&#8221;][vc_column][vc_column_text] Convierte tu m\u00f3vil en una Dashcam inteligente [\/vc_column_text][vc_single_image image=&#8221;731&#8243; img_size=&#8221;medium&#8221; alignment=&#8221;center&#8221; onclick=&#8221;custom_link&#8221; img_link_target=&#8221;_blank&#8221; link=&#8221;https:\/\/bit.ly\/3QO8A4U&#8221;][vc_single_image image=&#8221;759&#8243; img_size=&#8221;medium&#8221; alignment=&#8221;center&#8221; onclick=&#8221;custom_link&#8221; img_link_target=&#8221;_blank&#8221; link=&#8221;https:\/\/bit.ly\/4c6xO8q&#8221;][\/vc_column][vc_column][vc_column_text css=&#8221;.vc_custom_1743498576538{margin-top: 10px !important;}&#8221;] Graba en alta calidad. Sin anuncios. Sin complicaciones. Brodriver Dashcam transforma tu smartphone o tablet en una potente c\u00e1mara de seguridad para el salpicadero. Ideal para profesionales del [&hellip;]<\/p>\n","protected":false},"author":1,"featured_media":0,"parent":0,"menu_order":0,"comment_status":"closed","ping_status":"closed","template":"","meta":{"footnotes":""},"class_list":["post-735","page","type-page","status-publish","hentry"],"yoast_head":"<!-- This site is optimized with the Yoast SEO plugin v27.6 - https:\/\/yoast.com\/product\/yoast-seo-wordpress\/ -->\n<title>C\u00e1mara para el salpicadero - Brodriver<\/title>\n<meta name=\"description\" content=\"Brodriver Dashcam transforma tu smartphone o tablet en una potente c\u00e1mara de seguridad para el salpicadero.\" \/>\n<meta name=\"robots\" content=\"index, follow, max-snippet:-1, max-image-preview:large, max-video-preview:-1\" \/>\n<link rel=\"canonical\" href=\"https:\/\/brodriver.com\/website\/camara-salpicadero\/\" \/>\n<meta property=\"og:locale\" content=\"es_ES\" \/>\n<meta property=\"og:type\" content=\"article\" \/>\n<meta property=\"og:title\" content=\"C\u00e1mara para el salpicadero - Brodriver\" \/>\n<meta property=\"og:description\" content=\"Brodriver Dashcam transforma tu smartphone o tablet en una potente c\u00e1mara de seguridad para el salpicadero.\" \/>\n<meta property=\"og:url\" content=\"https:\/\/brodriver.com\/website\/camara-salpicadero\/\" \/>\n<meta property=\"og:site_name\" content=\"Brodriver\" \/>\n<meta property=\"article:modified_time\" content=\"2025-04-01T09:22:44+00:00\" \/>\n<meta name=\"twitter:card\" content=\"summary_large_image\" \/>\n<meta name=\"twitter:label1\" content=\"Tiempo de lectura\" \/>\n\t<meta name=\"twitter:data1\" content=\"2 minutos\" \/>\n<script type=\"application\/ld+json\" class=\"yoast-schema-graph\">{\"@context\":\"https:\\\/\\\/schema.org\",\"@graph\":[{\"@type\":\"WebPage\",\"@id\":\"https:\\\/\\\/brodriver.com\\\/website\\\/camara-salpicadero\\\/\",\"url\":\"https:\\\/\\\/brodriver.com\\\/website\\\/camara-salpicadero\\\/\",\"name\":\"C\u00e1mara para el salpicadero - Brodriver\",\"isPartOf\":{\"@id\":\"https:\\\/\\\/brodriver.com\\\/website\\\/#website\"},\"datePublished\":\"2025-03-24T12:57:43+00:00\",\"dateModified\":\"2025-04-01T09:22:44+00:00\",\"description\":\"Brodriver Dashcam transforma tu smartphone o tablet en una potente c\u00e1mara de seguridad para el salpicadero.\",\"breadcrumb\":{\"@id\":\"https:\\\/\\\/brodriver.com\\\/website\\\/camara-salpicadero\\\/#breadcrumb\"},\"inLanguage\":\"es\",\"potentialAction\":[{\"@type\":\"ReadAction\",\"target\":[\"https:\\\/\\\/brodriver.com\\\/website\\\/camara-salpicadero\\\/\"]}]},{\"@type\":\"BreadcrumbList\",\"@id\":\"https:\\\/\\\/brodriver.com\\\/website\\\/camara-salpicadero\\\/#breadcrumb\",\"itemListElement\":[{\"@type\":\"ListItem\",\"position\":1,\"name\":\"Portada\",\"item\":\"https:\\\/\\\/brodriver.com\\\/website\\\/\"},{\"@type\":\"ListItem\",\"position\":2,\"name\":\"C\u00e1mara para el salpicadero\"}]},{\"@type\":\"WebSite\",\"@id\":\"https:\\\/\\\/brodriver.com\\\/website\\\/#website\",\"url\":\"https:\\\/\\\/brodriver.com\\\/website\\\/\",\"name\":\"Brodriver\",\"description\":\"\",\"potentialAction\":[{\"@type\":\"SearchAction\",\"target\":{\"@type\":\"EntryPoint\",\"urlTemplate\":\"https:\\\/\\\/brodriver.com\\\/website\\\/?s={search_term_string}\"},\"query-input\":{\"@type\":\"PropertyValueSpecification\",\"valueRequired\":true,\"valueName\":\"search_term_string\"}}],\"inLanguage\":\"es\"}]}<\/script>\n<!-- \/ Yoast SEO plugin. -->","yoast_head_json":{"title":"C\u00e1mara para el salpicadero - Brodriver","description":"Brodriver Dashcam transforma tu smartphone o tablet en una potente c\u00e1mara de seguridad para el salpicadero.","robots":{"index":"index","follow":"follow","max-snippet":"max-snippet:-1","max-image-preview":"max-image-preview:large","max-video-preview":"max-video-preview:-1"},"canonical":"https:\/\/brodriver.com\/website\/camara-salpicadero\/","og_locale":"es_ES","og_type":"article","og_title":"C\u00e1mara para el salpicadero - Brodriver","og_description":"Brodriver Dashcam transforma tu smartphone o tablet en una potente c\u00e1mara de seguridad para el salpicadero.","og_url":"https:\/\/brodriver.com\/website\/camara-salpicadero\/","og_site_name":"Brodriver","article_modified_time":"2025-04-01T09:22:44+00:00","twitter_card":"summary_large_image","twitter_misc":{"Tiempo de lectura":"2 minutos"},"schema":{"@context":"https:\/\/schema.org","@graph":[{"@type":"WebPage","@id":"https:\/\/brodriver.com\/website\/camara-salpicadero\/","url":"https:\/\/brodriver.com\/website\/camara-salpicadero\/","name":"C\u00e1mara para el salpicadero - Brodriver","isPartOf":{"@id":"https:\/\/brodriver.com\/website\/#website"},"datePublished":"2025-03-24T12:57:43+00:00","dateModified":"2025-04-01T09:22:44+00:00","description":"Brodriver Dashcam transforma tu smartphone o tablet en una potente c\u00e1mara de seguridad para el salpicadero.","breadcrumb":{"@id":"https:\/\/brodriver.com\/website\/camara-salpicadero\/#breadcrumb"},"inLanguage":"es","potentialAction":[{"@type":"ReadAction","target":["https:\/\/brodriver.com\/website\/camara-salpicadero\/"]}]},{"@type":"BreadcrumbList","@id":"https:\/\/brodriver.com\/website\/camara-salpicadero\/#breadcrumb","itemListElement":[{"@type":"ListItem","position":1,"name":"Portada","item":"https:\/\/brodriver.com\/website\/"},{"@type":"ListItem","position":2,"name":"C\u00e1mara para el salpicadero"}]},{"@type":"WebSite","@id":"https:\/\/brodriver.com\/website\/#website","url":"https:\/\/brodriver.com\/website\/","name":"Brodriver","description":"","potentialAction":[{"@type":"SearchAction","target":{"@type":"EntryPoint","urlTemplate":"https:\/\/brodriver.com\/website\/?s={search_term_string}"},"query-input":{"@type":"PropertyValueSpecification","valueRequired":true,"valueName":"search_term_string"}}],"inLanguage":"es"}]}},"_links":{"self":[{"href":"https:\/\/brodriver.com\/website\/wp-json\/wp\/v2\/pages\/735","targetHints":{"allow":["GET"]}}],"collection":[{"href":"https:\/\/brodriver.com\/website\/wp-json\/wp\/v2\/pages"}],"about":[{"href":"https:\/\/brodriver.com\/website\/wp-json\/wp\/v2\/types\/page"}],"author":[{"embeddable":true,"href":"https:\/\/brodriver.com\/website\/wp-json\/wp\/v2\/users\/1"}],"replies":[{"embeddable":true,"href":"https:\/\/brodriver.com\/website\/wp-json\/wp\/v2\/comments?post=735"}],"version-history":[{"count":32,"href":"https:\/\/brodriver.com\/website\/wp-json\/wp\/v2\/pages\/735\/revisions"}],"predecessor-version":[{"id":818,"href":"https:\/\/brodriver.com\/website\/wp-json\/wp\/v2\/pages\/735\/revisions\/818"}],"wp:attachment":[{"href":"https:\/\/brodriver.com\/website\/wp-json\/wp\/v2\/media?parent=735"}],"curies":[{"name":"wp","href":"https:\/\/api.w.org\/{rel}","templated":true}]}}